{"id":23465,"date":"2021-05-22T11:52:24","date_gmt":"2021-05-22T09:52:24","guid":{"rendered":"https:\/\/cl-chausseur.bifrostsolutionsit.fr\/?post_type=product&#038;p=23465"},"modified":"2026-02-11T14:07:03","modified_gmt":"2026-02-11T13:07:03","slug":"craon1","status":"publish","type":"product","link":"https:\/\/www.cl-chausseur.com\/index.php\/produit\/craon1\/","title":{"rendered":"Craon1"},"content":{"rendered":"","protected":false},"excerpt":{"rendered":"<p>Veau grain\u00e9 noir ultra souple, doublure enti\u00e8rement cuir, premi\u00e8re int\u00e9rieure cuir, mont\u00e9 et cousu main, semelle cuir avec patin antid\u00e9rapant encastr\u00e9, talon de 2cm.<\/p>\n<p>Conseil chaussant:ce mod\u00e8le \u00ab\u00a0Gravati\u00a0\u00bb chausse normalement.Pour un 37,5 prendre 37,5.<\/p>\n","protected":false},"featured_media":23473,"template":"","meta":{"_et_pb_use_builder":"","_et_pb_old_content":"","_et_gb_content_width":""},"product_brand":[],"product_cat":[148,165],"product_tag":[100],"class_list":{"0":"post-23465","1":"product","2":"type-product","3":"status-publish","4":"has-post-thumbnail","6":"product_cat-femme-automne-hiver","7":"product_cat-mocassins-femme-automne-hiver","8":"product_tag-mocassins-lacets","10":"first","11":"instock","12":"taxable","13":"shipping-taxable","14":"purchasable","15":"product-type-variable"},"_links":{"self":[{"href":"https:\/\/www.cl-chausseur.com\/index.php\/wp-json\/wp\/v2\/product\/23465","targetHints":{"allow":["GET"]}}],"collection":[{"href":"https:\/\/www.cl-chausseur.com\/index.php\/wp-json\/wp\/v2\/product"}],"about":[{"href":"https:\/\/www.cl-chausseur.com\/index.php\/wp-json\/wp\/v2\/types\/product"}],"wp:featuredmedia":[{"embeddable":true,"href":"https:\/\/www.cl-chausseur.com\/index.php\/wp-json\/wp\/v2\/media\/23473"}],"wp:attachment":[{"href":"https:\/\/www.cl-chausseur.com\/index.php\/wp-json\/wp\/v2\/media?parent=23465"}],"wp:term":[{"taxonomy":"product_brand","embeddable":true,"href":"https:\/\/www.cl-chausseur.com\/index.php\/wp-json\/wp\/v2\/product_brand?post=23465"},{"taxonomy":"product_cat","embeddable":true,"href":"https:\/\/www.cl-chausseur.com\/index.php\/wp-json\/wp\/v2\/product_cat?post=23465"},{"taxonomy":"product_tag","embeddable":true,"href":"https:\/\/www.cl-chausseur.com\/index.php\/wp-json\/wp\/v2\/product_tag?post=23465"}],"curies":[{"name":"wp","href":"https:\/\/api.w.org\/{rel}","templated":true}]}}