{"id":25303,"date":"2021-10-12T15:03:51","date_gmt":"2021-10-12T13:03:51","guid":{"rendered":"https:\/\/www.cl-chausseur.com\/?post_type=product&#038;p=25303"},"modified":"2023-10-13T17:02:55","modified_gmt":"2023-10-13T15:02:55","slug":"bologne1","status":"publish","type":"product","link":"https:\/\/www.cl-chausseur.com\/index.php\/produit\/bologne1\/","title":{"rendered":"Tarragone1"},"content":{"rendered":"","protected":false},"excerpt":{"rendered":"<p>Veau velours noir, doublure enti\u00e8rement agneau, premi\u00e8re int\u00e9rieure agneau, cousu sacchetto, semelle gomme naturelle ultra l\u00e9g\u00e8re et souple, talon compens\u00e9 de 5cm.<\/p>\n<p>Escarpin compens\u00e9 Thierry Rabotin poids plume et d &lsquo;un confort exceptionnel.<\/p>\n<p>Conseil chaussant:ce mod\u00e8le chausse grand.Nous vous conseillons de prendre une demi pointure de moins de votre pointure habituelle.Pour un 38 prendre un 37,5.<\/p>\n","protected":false},"featured_media":25304,"template":"","meta":{"_et_pb_use_builder":"","_et_pb_old_content":"","_et_gb_content_width":""},"product_brand":[],"product_cat":[178,148],"product_tag":[109],"class_list":{"0":"post-25303","1":"product","2":"type-product","3":"status-publish","4":"has-post-thumbnail","6":"product_cat-escarpins-femme-automne-hiver","7":"product_cat-femme-automne-hiver","8":"product_tag-escarpins","10":"first","11":"instock","12":"taxable","13":"shipping-taxable","14":"purchasable","15":"product-type-variable"},"_links":{"self":[{"href":"https:\/\/www.cl-chausseur.com\/index.php\/wp-json\/wp\/v2\/product\/25303","targetHints":{"allow":["GET"]}}],"collection":[{"href":"https:\/\/www.cl-chausseur.com\/index.php\/wp-json\/wp\/v2\/product"}],"about":[{"href":"https:\/\/www.cl-chausseur.com\/index.php\/wp-json\/wp\/v2\/types\/product"}],"wp:featuredmedia":[{"embeddable":true,"href":"https:\/\/www.cl-chausseur.com\/index.php\/wp-json\/wp\/v2\/media\/25304"}],"wp:attachment":[{"href":"https:\/\/www.cl-chausseur.com\/index.php\/wp-json\/wp\/v2\/media?parent=25303"}],"wp:term":[{"taxonomy":"product_brand","embeddable":true,"href":"https:\/\/www.cl-chausseur.com\/index.php\/wp-json\/wp\/v2\/product_brand?post=25303"},{"taxonomy":"product_cat","embeddable":true,"href":"https:\/\/www.cl-chausseur.com\/index.php\/wp-json\/wp\/v2\/product_cat?post=25303"},{"taxonomy":"product_tag","embeddable":true,"href":"https:\/\/www.cl-chausseur.com\/index.php\/wp-json\/wp\/v2\/product_tag?post=25303"}],"curies":[{"name":"wp","href":"https:\/\/api.w.org\/{rel}","templated":true}]}}