{"id":27229,"date":"2022-10-18T18:00:22","date_gmt":"2022-10-18T16:00:22","guid":{"rendered":"https:\/\/www.cl-chausseur.com\/?post_type=product&#038;p=27229"},"modified":"2025-12-18T12:45:03","modified_gmt":"2025-12-18T11:45:03","slug":"beaufort","status":"publish","type":"product","link":"https:\/\/www.cl-chausseur.com\/index.php\/produit\/beaufort\/","title":{"rendered":"Beaufort"},"content":{"rendered":"","protected":false},"excerpt":{"rendered":"<p>Microfibre noir, veau velours noir autour du d\u00e9collet\u00e9, doublure enti\u00e8rement cuir, talon design laqu\u00e9 noir non fragile de 5cm, semelle gomme ultra souple et antid\u00e9rapante.<\/p>\n<p>Un escarpin \u00ab\u00a0Brunate\u00a0\u00bb \u00e9l\u00e9gant et ultra confortable.<\/p>\n<p>Conseil chaussant:ce mod\u00e8le chausse normalement.Pour un 40 prendre 40.<\/p>\n","protected":false},"featured_media":27230,"template":"","meta":{"_et_pb_use_builder":"","_et_pb_old_content":"","_et_gb_content_width":""},"product_brand":[],"product_cat":[178,148],"product_tag":[109],"class_list":{"0":"post-27229","1":"product","2":"type-product","3":"status-publish","4":"has-post-thumbnail","6":"product_cat-escarpins-femme-automne-hiver","7":"product_cat-femme-automne-hiver","8":"product_tag-escarpins","10":"first","11":"instock","12":"taxable","13":"shipping-taxable","14":"purchasable","15":"product-type-variable"},"_links":{"self":[{"href":"https:\/\/www.cl-chausseur.com\/index.php\/wp-json\/wp\/v2\/product\/27229","targetHints":{"allow":["GET"]}}],"collection":[{"href":"https:\/\/www.cl-chausseur.com\/index.php\/wp-json\/wp\/v2\/product"}],"about":[{"href":"https:\/\/www.cl-chausseur.com\/index.php\/wp-json\/wp\/v2\/types\/product"}],"wp:featuredmedia":[{"embeddable":true,"href":"https:\/\/www.cl-chausseur.com\/index.php\/wp-json\/wp\/v2\/media\/27230"}],"wp:attachment":[{"href":"https:\/\/www.cl-chausseur.com\/index.php\/wp-json\/wp\/v2\/media?parent=27229"}],"wp:term":[{"taxonomy":"product_brand","embeddable":true,"href":"https:\/\/www.cl-chausseur.com\/index.php\/wp-json\/wp\/v2\/product_brand?post=27229"},{"taxonomy":"product_cat","embeddable":true,"href":"https:\/\/www.cl-chausseur.com\/index.php\/wp-json\/wp\/v2\/product_cat?post=27229"},{"taxonomy":"product_tag","embeddable":true,"href":"https:\/\/www.cl-chausseur.com\/index.php\/wp-json\/wp\/v2\/product_tag?post=27229"}],"curies":[{"name":"wp","href":"https:\/\/api.w.org\/{rel}","templated":true}]}}