{"id":27475,"date":"2022-12-23T18:45:33","date_gmt":"2022-12-23T17:45:33","guid":{"rendered":"https:\/\/www.cl-chausseur.com\/?post_type=product&#038;p=27475"},"modified":"2026-02-11T14:02:25","modified_gmt":"2026-02-11T13:02:25","slug":"abere2","status":"publish","type":"product","link":"https:\/\/www.cl-chausseur.com\/index.php\/produit\/abere2\/","title":{"rendered":"Bassac2"},"content":{"rendered":"","protected":false},"excerpt":{"rendered":"<p>Veau velours violet, doublure enti\u00e8rement cuir, premi\u00e8re int\u00e9rieure cuir, mors noir et chocolat, semelle gomme ultra l\u00e9g\u00e8re et souple, talon de 2cm.<\/p>\n<p>Un mod\u00e8le ultra confortable et poids plume.<\/p>\n<p>Conseil chaussant:ce mocassin Brunate chausse grand.Nous vous conseillons de prendre une demi pointure de moins de votre pointure habituelle.Pour un 38 prendre 37,5.<\/p>\n","protected":false},"featured_media":27646,"template":"","meta":{"_et_pb_use_builder":"","_et_pb_old_content":"","_et_gb_content_width":""},"product_brand":[],"product_cat":[148,165],"product_tag":[100],"class_list":{"0":"post-27475","1":"product","2":"type-product","3":"status-publish","4":"has-post-thumbnail","6":"product_cat-femme-automne-hiver","7":"product_cat-mocassins-femme-automne-hiver","8":"product_tag-mocassins-lacets","10":"first","11":"instock","12":"taxable","13":"shipping-taxable","14":"purchasable","15":"product-type-variable"},"_links":{"self":[{"href":"https:\/\/www.cl-chausseur.com\/index.php\/wp-json\/wp\/v2\/product\/27475","targetHints":{"allow":["GET"]}}],"collection":[{"href":"https:\/\/www.cl-chausseur.com\/index.php\/wp-json\/wp\/v2\/product"}],"about":[{"href":"https:\/\/www.cl-chausseur.com\/index.php\/wp-json\/wp\/v2\/types\/product"}],"wp:featuredmedia":[{"embeddable":true,"href":"https:\/\/www.cl-chausseur.com\/index.php\/wp-json\/wp\/v2\/media\/27646"}],"wp:attachment":[{"href":"https:\/\/www.cl-chausseur.com\/index.php\/wp-json\/wp\/v2\/media?parent=27475"}],"wp:term":[{"taxonomy":"product_brand","embeddable":true,"href":"https:\/\/www.cl-chausseur.com\/index.php\/wp-json\/wp\/v2\/product_brand?post=27475"},{"taxonomy":"product_cat","embeddable":true,"href":"https:\/\/www.cl-chausseur.com\/index.php\/wp-json\/wp\/v2\/product_cat?post=27475"},{"taxonomy":"product_tag","embeddable":true,"href":"https:\/\/www.cl-chausseur.com\/index.php\/wp-json\/wp\/v2\/product_tag?post=27475"}],"curies":[{"name":"wp","href":"https:\/\/api.w.org\/{rel}","templated":true}]}}