{"id":27559,"date":"2023-03-29T15:19:44","date_gmt":"2023-03-29T13:19:44","guid":{"rendered":"https:\/\/www.cl-chausseur.com\/?post_type=product&#038;p=27559"},"modified":"2025-07-10T17:25:34","modified_gmt":"2025-07-10T15:25:34","slug":"benevent","status":"publish","type":"product","link":"https:\/\/www.cl-chausseur.com\/index.php\/produit\/benevent\/","title":{"rendered":"Adrano"},"content":{"rendered":"","protected":false},"excerpt":{"rendered":"<p>Veau grain\u00e9 ultra souple gris perle, plateau grain\u00e9 blanc, liser\u00e9 argent sur le plateau, mors en bakelite gris d\u00e9grad\u00e9 , doublure enti\u00e8rement cuir, semelle gomme design ultra souple et flexible, talon <\/p>\n<p>de 3cm.<\/p>\n<p>Un mocassin sport \u00e9l\u00e9gant ultra souple et poids plume pour marcher dans un confort exceptionnel.<\/p>\n<p>Conseil chaussant:ce mod\u00e8le Brunate chausse grand.Nous vous conseillons de prendre une demi pointure de moins de votre pointure habituelle.Pour un 39 prendre 38,5. <\/p>\n","protected":false},"featured_media":27560,"template":"","meta":{"_et_pb_use_builder":"","_et_pb_old_content":"","_et_gb_content_width":""},"product_brand":[],"product_cat":[146,164],"product_tag":[100],"class_list":{"0":"post-27559","1":"product","2":"type-product","3":"status-publish","4":"has-post-thumbnail","6":"product_cat-femme-printemps-ete","7":"product_cat-femme-printemps-ete-mocassins-lacets","8":"product_tag-mocassins-lacets","10":"first","11":"instock","12":"taxable","13":"shipping-taxable","14":"purchasable","15":"product-type-variable"},"_links":{"self":[{"href":"https:\/\/www.cl-chausseur.com\/index.php\/wp-json\/wp\/v2\/product\/27559","targetHints":{"allow":["GET"]}}],"collection":[{"href":"https:\/\/www.cl-chausseur.com\/index.php\/wp-json\/wp\/v2\/product"}],"about":[{"href":"https:\/\/www.cl-chausseur.com\/index.php\/wp-json\/wp\/v2\/types\/product"}],"wp:featuredmedia":[{"embeddable":true,"href":"https:\/\/www.cl-chausseur.com\/index.php\/wp-json\/wp\/v2\/media\/27560"}],"wp:attachment":[{"href":"https:\/\/www.cl-chausseur.com\/index.php\/wp-json\/wp\/v2\/media?parent=27559"}],"wp:term":[{"taxonomy":"product_brand","embeddable":true,"href":"https:\/\/www.cl-chausseur.com\/index.php\/wp-json\/wp\/v2\/product_brand?post=27559"},{"taxonomy":"product_cat","embeddable":true,"href":"https:\/\/www.cl-chausseur.com\/index.php\/wp-json\/wp\/v2\/product_cat?post=27559"},{"taxonomy":"product_tag","embeddable":true,"href":"https:\/\/www.cl-chausseur.com\/index.php\/wp-json\/wp\/v2\/product_tag?post=27559"}],"curies":[{"name":"wp","href":"https:\/\/api.w.org\/{rel}","templated":true}]}}