{"id":28971,"date":"2023-10-07T16:33:41","date_gmt":"2023-10-07T14:33:41","guid":{"rendered":"https:\/\/www.cl-chausseur.com\/?post_type=product&#038;p=28971"},"modified":"2026-02-11T14:32:32","modified_gmt":"2026-02-11T13:32:32","slug":"abere1","status":"publish","type":"product","link":"https:\/\/www.cl-chausseur.com\/index.php\/produit\/abere1\/","title":{"rendered":"Ab\u00e8re3"},"content":{"rendered":"","protected":false},"excerpt":{"rendered":"<p>Velours noir, plateau leopard, doublure enti\u00e8rement agneau, semelle gomme ultra l\u00e9g\u00e8re et flex pour un visuel \u00e9l\u00e9gant , talon de 3cm.<\/p>\n<p>Un mocassin \u00e9l\u00e9gant dans un confort exceptionnel.<\/p>\n<p>Conseil chaussant:ce mod\u00e8le chausse grand.Nous vous conseillons de prendre une demi pointure de moins de votre pointure habituelle.Pour un 39 prendre 38,5.<\/p>\n","protected":false},"featured_media":28972,"template":"","meta":{"_et_pb_use_builder":"","_et_pb_old_content":"","_et_gb_content_width":""},"product_brand":[],"product_cat":[148,165],"product_tag":[100],"class_list":{"0":"post-28971","1":"product","2":"type-product","3":"status-publish","4":"has-post-thumbnail","6":"product_cat-femme-automne-hiver","7":"product_cat-mocassins-femme-automne-hiver","8":"product_tag-mocassins-lacets","10":"first","11":"instock","12":"taxable","13":"shipping-taxable","14":"purchasable","15":"product-type-variable"},"_links":{"self":[{"href":"https:\/\/www.cl-chausseur.com\/index.php\/wp-json\/wp\/v2\/product\/28971","targetHints":{"allow":["GET"]}}],"collection":[{"href":"https:\/\/www.cl-chausseur.com\/index.php\/wp-json\/wp\/v2\/product"}],"about":[{"href":"https:\/\/www.cl-chausseur.com\/index.php\/wp-json\/wp\/v2\/types\/product"}],"wp:featuredmedia":[{"embeddable":true,"href":"https:\/\/www.cl-chausseur.com\/index.php\/wp-json\/wp\/v2\/media\/28972"}],"wp:attachment":[{"href":"https:\/\/www.cl-chausseur.com\/index.php\/wp-json\/wp\/v2\/media?parent=28971"}],"wp:term":[{"taxonomy":"product_brand","embeddable":true,"href":"https:\/\/www.cl-chausseur.com\/index.php\/wp-json\/wp\/v2\/product_brand?post=28971"},{"taxonomy":"product_cat","embeddable":true,"href":"https:\/\/www.cl-chausseur.com\/index.php\/wp-json\/wp\/v2\/product_cat?post=28971"},{"taxonomy":"product_tag","embeddable":true,"href":"https:\/\/www.cl-chausseur.com\/index.php\/wp-json\/wp\/v2\/product_tag?post=28971"}],"curies":[{"name":"wp","href":"https:\/\/api.w.org\/{rel}","templated":true}]}}