{"id":29072,"date":"2023-10-10T14:28:57","date_gmt":"2023-10-10T12:28:57","guid":{"rendered":"https:\/\/www.cl-chausseur.com\/?post_type=product&#038;p=29072"},"modified":"2026-02-11T14:23:00","modified_gmt":"2026-02-11T13:23:00","slug":"montauban1","status":"publish","type":"product","link":"https:\/\/www.cl-chausseur.com\/index.php\/produit\/montauban1\/","title":{"rendered":"Montauban1"},"content":{"rendered":"","protected":false},"excerpt":{"rendered":"<p>Agneau vernis noir ultra souple, plateau agneau vernis moir\u00e9 gris taupe, doublure enti\u00e8rement cuir, semelle int\u00e9rieure cuir, semelle gomme ultra l\u00e9g\u00e8re et souple, talon de 3cm.<\/p>\n<p>Conseil chaussant:ce mod\u00e8le Brunate chausse grand.Nous vous conseillons de prendre une demi pointure de moins de votre pointure habituelle.Pour un 37 prendre un 36,5.<\/p>\n<p>Un mod\u00e8le sport \u00e9l\u00e9gant d&rsquo;un poids plume et ultra confortable.<\/p>\n","protected":false},"featured_media":29084,"template":"","meta":{"_et_pb_use_builder":"","_et_pb_old_content":"","_et_gb_content_width":""},"product_brand":[],"product_cat":[148,165],"product_tag":[100],"class_list":{"0":"post-29072","1":"product","2":"type-product","3":"status-publish","4":"has-post-thumbnail","6":"product_cat-femme-automne-hiver","7":"product_cat-mocassins-femme-automne-hiver","8":"product_tag-mocassins-lacets","10":"first","11":"instock","12":"taxable","13":"shipping-taxable","14":"purchasable","15":"product-type-variable"},"_links":{"self":[{"href":"https:\/\/www.cl-chausseur.com\/index.php\/wp-json\/wp\/v2\/product\/29072","targetHints":{"allow":["GET"]}}],"collection":[{"href":"https:\/\/www.cl-chausseur.com\/index.php\/wp-json\/wp\/v2\/product"}],"about":[{"href":"https:\/\/www.cl-chausseur.com\/index.php\/wp-json\/wp\/v2\/types\/product"}],"wp:featuredmedia":[{"embeddable":true,"href":"https:\/\/www.cl-chausseur.com\/index.php\/wp-json\/wp\/v2\/media\/29084"}],"wp:attachment":[{"href":"https:\/\/www.cl-chausseur.com\/index.php\/wp-json\/wp\/v2\/media?parent=29072"}],"wp:term":[{"taxonomy":"product_brand","embeddable":true,"href":"https:\/\/www.cl-chausseur.com\/index.php\/wp-json\/wp\/v2\/product_brand?post=29072"},{"taxonomy":"product_cat","embeddable":true,"href":"https:\/\/www.cl-chausseur.com\/index.php\/wp-json\/wp\/v2\/product_cat?post=29072"},{"taxonomy":"product_tag","embeddable":true,"href":"https:\/\/www.cl-chausseur.com\/index.php\/wp-json\/wp\/v2\/product_tag?post=29072"}],"curies":[{"name":"wp","href":"https:\/\/api.w.org\/{rel}","templated":true}]}}