{"id":29451,"date":"2023-10-12T17:16:04","date_gmt":"2023-10-12T15:16:04","guid":{"rendered":"https:\/\/www.cl-chausseur.com\/?post_type=product&#038;p=29451"},"modified":"2025-11-14T17:40:44","modified_gmt":"2025-11-14T16:40:44","slug":"sully","status":"publish","type":"product","link":"https:\/\/www.cl-chausseur.com\/index.php\/produit\/sully\/","title":{"rendered":"Sully"},"content":{"rendered":"","protected":false},"excerpt":{"rendered":"<p>Agneau plong\u00e9 fauve, doublure enti\u00e8rement cuir souple, semelle cuir avec patin antid\u00e9rapant, talon de 4cm, zip sur le c\u00f4t\u00e9 int\u00e9rieur de la tige, agneau stretch\u00e9 le long de la zip pour donner l&rsquo;aisance total au niveau de la jambe et du mollet.<\/p>\n<p>Une botte \u00a0\u00bb Lorenzo Masiero \u00a0\u00bb ultra confortable et tr\u00e8s \u00e9l\u00e9gante sur une hauteur de talon tr\u00e8s fonctionnelle.<\/p>\n<p>Conseil chaussant:ce mod\u00e8le chausse normalement.Nous vous conseillons de prendre votre pointure habituelle.Pour un 38 prendre 38.<\/p>\n","protected":false},"featured_media":29452,"template":"","meta":{"_et_pb_use_builder":"","_et_pb_old_content":"","_et_gb_content_width":""},"product_brand":[],"product_cat":[179,148],"product_tag":[103],"class_list":{"0":"post-29451","1":"product","2":"type-product","3":"status-publish","4":"has-post-thumbnail","6":"product_cat-boots-bottes","7":"product_cat-femme-automne-hiver","8":"product_tag-boots-bottes","10":"first","11":"instock","12":"taxable","13":"shipping-taxable","14":"purchasable","15":"product-type-variable"},"_links":{"self":[{"href":"https:\/\/www.cl-chausseur.com\/index.php\/wp-json\/wp\/v2\/product\/29451","targetHints":{"allow":["GET"]}}],"collection":[{"href":"https:\/\/www.cl-chausseur.com\/index.php\/wp-json\/wp\/v2\/product"}],"about":[{"href":"https:\/\/www.cl-chausseur.com\/index.php\/wp-json\/wp\/v2\/types\/product"}],"wp:featuredmedia":[{"embeddable":true,"href":"https:\/\/www.cl-chausseur.com\/index.php\/wp-json\/wp\/v2\/media\/29452"}],"wp:attachment":[{"href":"https:\/\/www.cl-chausseur.com\/index.php\/wp-json\/wp\/v2\/media?parent=29451"}],"wp:term":[{"taxonomy":"product_brand","embeddable":true,"href":"https:\/\/www.cl-chausseur.com\/index.php\/wp-json\/wp\/v2\/product_brand?post=29451"},{"taxonomy":"product_cat","embeddable":true,"href":"https:\/\/www.cl-chausseur.com\/index.php\/wp-json\/wp\/v2\/product_cat?post=29451"},{"taxonomy":"product_tag","embeddable":true,"href":"https:\/\/www.cl-chausseur.com\/index.php\/wp-json\/wp\/v2\/product_tag?post=29451"}],"curies":[{"name":"wp","href":"https:\/\/api.w.org\/{rel}","templated":true}]}}