{"id":31831,"date":"2025-03-18T16:49:55","date_gmt":"2025-03-18T15:49:55","guid":{"rendered":"https:\/\/www.cl-chausseur.com\/?post_type=product&#038;p=31831"},"modified":"2025-12-18T12:15:06","modified_gmt":"2025-12-18T11:15:06","slug":"biarritz3","status":"publish","type":"product","link":"https:\/\/www.cl-chausseur.com\/index.php\/produit\/biarritz3\/","title":{"rendered":"Biarritz3"},"content":{"rendered":"","protected":false},"excerpt":{"rendered":"<p>Agneau plong\u00e9 aubergine, doublure agneau, semelle int\u00e9rieure cuir, semelle gomme naturelle flex, souple et \u00e9l\u00e9gante, zip sur le c\u00f4t\u00e9, talon de 3cm.<\/p>\n<p>Un boots LORENZO MASIERO d&rsquo;une souplesse et d&rsquo;un confort exceptionnels.<\/p>\n<p>Conseil chaussant:ce mod\u00e8le chausse normalement.Pour un 40 prendre 40.<\/p>\n","protected":false},"featured_media":31832,"template":"","meta":{"_et_pb_use_builder":"","_et_pb_old_content":"","_et_gb_content_width":""},"product_brand":[],"product_cat":[179,148],"product_tag":[103],"class_list":{"0":"post-31831","1":"product","2":"type-product","3":"status-publish","4":"has-post-thumbnail","6":"product_cat-boots-bottes","7":"product_cat-femme-automne-hiver","8":"product_tag-boots-bottes","10":"first","11":"instock","12":"taxable","13":"shipping-taxable","14":"purchasable","15":"product-type-variable"},"_links":{"self":[{"href":"https:\/\/www.cl-chausseur.com\/index.php\/wp-json\/wp\/v2\/product\/31831","targetHints":{"allow":["GET"]}}],"collection":[{"href":"https:\/\/www.cl-chausseur.com\/index.php\/wp-json\/wp\/v2\/product"}],"about":[{"href":"https:\/\/www.cl-chausseur.com\/index.php\/wp-json\/wp\/v2\/types\/product"}],"wp:featuredmedia":[{"embeddable":true,"href":"https:\/\/www.cl-chausseur.com\/index.php\/wp-json\/wp\/v2\/media\/31832"}],"wp:attachment":[{"href":"https:\/\/www.cl-chausseur.com\/index.php\/wp-json\/wp\/v2\/media?parent=31831"}],"wp:term":[{"taxonomy":"product_brand","embeddable":true,"href":"https:\/\/www.cl-chausseur.com\/index.php\/wp-json\/wp\/v2\/product_brand?post=31831"},{"taxonomy":"product_cat","embeddable":true,"href":"https:\/\/www.cl-chausseur.com\/index.php\/wp-json\/wp\/v2\/product_cat?post=31831"},{"taxonomy":"product_tag","embeddable":true,"href":"https:\/\/www.cl-chausseur.com\/index.php\/wp-json\/wp\/v2\/product_tag?post=31831"}],"curies":[{"name":"wp","href":"https:\/\/api.w.org\/{rel}","templated":true}]}}