{"id":32247,"date":"2025-11-14T14:43:39","date_gmt":"2025-11-14T13:43:39","guid":{"rendered":"https:\/\/www.cl-chausseur.com\/?post_type=product&#038;p=32247"},"modified":"2026-02-11T14:38:18","modified_gmt":"2026-02-11T13:38:18","slug":"abie1","status":"publish","type":"product","link":"https:\/\/www.cl-chausseur.com\/index.php\/produit\/abie1\/","title":{"rendered":"Abie1"},"content":{"rendered":"","protected":false},"excerpt":{"rendered":"<p>Veau velours bleu ultra souple, doublure enti\u00e8rement cuir, premi\u00e8re enti\u00e8rement cuir, semelle de gomme ultra l\u00e9g\u00e8re, souple et anti d\u00e9rapante.<\/p>\n<p>Un mocassin BRUNATE poids plume et ultra confortables un talon de 3cm.<\/p>\n<p>Conseil chaussant:ce mod\u00e8le chausse grand par cons\u00e9quent pour un 37 prendre 36,5. <\/p>\n<p>Sp\u00e9cificit\u00e9: ce mod\u00e8le ne convient pas pour un pied mince.<\/p>\n","protected":false},"featured_media":32248,"template":"","meta":{"_et_pb_use_builder":"","_et_pb_old_content":"","_et_gb_content_width":""},"product_brand":[],"product_cat":[148,165],"product_tag":[100],"class_list":{"0":"post-32247","1":"product","2":"type-product","3":"status-publish","4":"has-post-thumbnail","6":"product_cat-femme-automne-hiver","7":"product_cat-mocassins-femme-automne-hiver","8":"product_tag-mocassins-lacets","10":"first","11":"instock","12":"taxable","13":"shipping-taxable","14":"purchasable","15":"product-type-variable"},"_links":{"self":[{"href":"https:\/\/www.cl-chausseur.com\/index.php\/wp-json\/wp\/v2\/product\/32247","targetHints":{"allow":["GET"]}}],"collection":[{"href":"https:\/\/www.cl-chausseur.com\/index.php\/wp-json\/wp\/v2\/product"}],"about":[{"href":"https:\/\/www.cl-chausseur.com\/index.php\/wp-json\/wp\/v2\/types\/product"}],"wp:featuredmedia":[{"embeddable":true,"href":"https:\/\/www.cl-chausseur.com\/index.php\/wp-json\/wp\/v2\/media\/32248"}],"wp:attachment":[{"href":"https:\/\/www.cl-chausseur.com\/index.php\/wp-json\/wp\/v2\/media?parent=32247"}],"wp:term":[{"taxonomy":"product_brand","embeddable":true,"href":"https:\/\/www.cl-chausseur.com\/index.php\/wp-json\/wp\/v2\/product_brand?post=32247"},{"taxonomy":"product_cat","embeddable":true,"href":"https:\/\/www.cl-chausseur.com\/index.php\/wp-json\/wp\/v2\/product_cat?post=32247"},{"taxonomy":"product_tag","embeddable":true,"href":"https:\/\/www.cl-chausseur.com\/index.php\/wp-json\/wp\/v2\/product_tag?post=32247"}],"curies":[{"name":"wp","href":"https:\/\/api.w.org\/{rel}","templated":true}]}}