{"id":32421,"date":"2025-11-15T15:35:27","date_gmt":"2025-11-15T14:35:27","guid":{"rendered":"https:\/\/www.cl-chausseur.com\/?post_type=product&#038;p=32421"},"modified":"2026-02-11T15:00:57","modified_gmt":"2026-02-11T14:00:57","slug":"bugny","status":"publish","type":"product","link":"https:\/\/www.cl-chausseur.com\/index.php\/produit\/bugny\/","title":{"rendered":"Bugny"},"content":{"rendered":"","protected":false},"excerpt":{"rendered":"<p>Veau velours chocolat waterproof, doublure enti\u00e8rement cuir, 1 zip de chaque c\u00f4t\u00e9, semelle gomme ultra light et souple, talon de 3cm.<\/p>\n<p>Un boots FRATELLI ROSANA poids plume et ultra confortable.<\/p>\n<p>Conseil chaussant:ce boots chausse normalement.Veuillez prendre votre pointure habituelle.<\/p>\n","protected":false},"featured_media":32422,"template":"","meta":{"_et_pb_use_builder":"","_et_pb_old_content":"","_et_gb_content_width":""},"product_brand":[],"product_cat":[179,148],"product_tag":[103],"class_list":{"0":"post-32421","1":"product","2":"type-product","3":"status-publish","4":"has-post-thumbnail","6":"product_cat-boots-bottes","7":"product_cat-femme-automne-hiver","8":"product_tag-boots-bottes","10":"first","11":"instock","12":"taxable","13":"shipping-taxable","14":"purchasable","15":"product-type-variable"},"_links":{"self":[{"href":"https:\/\/www.cl-chausseur.com\/index.php\/wp-json\/wp\/v2\/product\/32421","targetHints":{"allow":["GET"]}}],"collection":[{"href":"https:\/\/www.cl-chausseur.com\/index.php\/wp-json\/wp\/v2\/product"}],"about":[{"href":"https:\/\/www.cl-chausseur.com\/index.php\/wp-json\/wp\/v2\/types\/product"}],"wp:featuredmedia":[{"embeddable":true,"href":"https:\/\/www.cl-chausseur.com\/index.php\/wp-json\/wp\/v2\/media\/32422"}],"wp:attachment":[{"href":"https:\/\/www.cl-chausseur.com\/index.php\/wp-json\/wp\/v2\/media?parent=32421"}],"wp:term":[{"taxonomy":"product_brand","embeddable":true,"href":"https:\/\/www.cl-chausseur.com\/index.php\/wp-json\/wp\/v2\/product_brand?post=32421"},{"taxonomy":"product_cat","embeddable":true,"href":"https:\/\/www.cl-chausseur.com\/index.php\/wp-json\/wp\/v2\/product_cat?post=32421"},{"taxonomy":"product_tag","embeddable":true,"href":"https:\/\/www.cl-chausseur.com\/index.php\/wp-json\/wp\/v2\/product_tag?post=32421"}],"curies":[{"name":"wp","href":"https:\/\/api.w.org\/{rel}","templated":true}]}}