{"id":32528,"date":"2025-12-02T16:02:25","date_gmt":"2025-12-02T15:02:25","guid":{"rendered":"https:\/\/www.cl-chausseur.com\/?post_type=product&#038;p=32528"},"modified":"2025-12-02T16:02:25","modified_gmt":"2025-12-02T15:02:25","slug":"antibes2","status":"publish","type":"product","link":"https:\/\/www.cl-chausseur.com\/index.php\/produit\/antibes2\/","title":{"rendered":"Antibes2"},"content":{"rendered":"","protected":false},"excerpt":{"rendered":"<p>Veau velours noir et argent , doublure enti\u00e8rement agneau, premi\u00e8re int\u00e9rieure agneau cousu sacchetto, semelle gomme antid\u00e9rapante, talon compens\u00e9 de 3cm.<\/p>\n<p>Un mod\u00e8le THIERRY RABOTIN sur une mati\u00e8re originale et ultra confortable.<\/p>\n<p>Quand ne rien sentir dans ses pieds devient une r\u00e9alit\u00e9.<\/p>\n<p>Conseil chaussant: ce mod\u00e8le chausse grand.Prendre une demi pointure de moins de votre pointure habituelle. Pour un 38 prendre 37,5.<\/p>\n","protected":false},"featured_media":32529,"template":"","meta":{"_et_pb_use_builder":"","_et_pb_old_content":"","_et_gb_content_width":""},"product_brand":[],"product_cat":[196,148],"product_tag":[76],"class_list":{"0":"post-32528","1":"product","2":"type-product","3":"status-publish","4":"has-post-thumbnail","6":"product_cat-ballerines-femme-automne-hiver","7":"product_cat-femme-automne-hiver","8":"product_tag-ballerines","10":"first","11":"instock","12":"taxable","13":"shipping-taxable","14":"purchasable","15":"product-type-variable"},"_links":{"self":[{"href":"https:\/\/www.cl-chausseur.com\/index.php\/wp-json\/wp\/v2\/product\/32528","targetHints":{"allow":["GET"]}}],"collection":[{"href":"https:\/\/www.cl-chausseur.com\/index.php\/wp-json\/wp\/v2\/product"}],"about":[{"href":"https:\/\/www.cl-chausseur.com\/index.php\/wp-json\/wp\/v2\/types\/product"}],"wp:featuredmedia":[{"embeddable":true,"href":"https:\/\/www.cl-chausseur.com\/index.php\/wp-json\/wp\/v2\/media\/32529"}],"wp:attachment":[{"href":"https:\/\/www.cl-chausseur.com\/index.php\/wp-json\/wp\/v2\/media?parent=32528"}],"wp:term":[{"taxonomy":"product_brand","embeddable":true,"href":"https:\/\/www.cl-chausseur.com\/index.php\/wp-json\/wp\/v2\/product_brand?post=32528"},{"taxonomy":"product_cat","embeddable":true,"href":"https:\/\/www.cl-chausseur.com\/index.php\/wp-json\/wp\/v2\/product_cat?post=32528"},{"taxonomy":"product_tag","embeddable":true,"href":"https:\/\/www.cl-chausseur.com\/index.php\/wp-json\/wp\/v2\/product_tag?post=32528"}],"curies":[{"name":"wp","href":"https:\/\/api.w.org\/{rel}","templated":true}]}}